
True
Does 152 divide 39064?
True
Is 99654 a multiple of 135?
False
Is 26 a factor of 494?
True
Is 10920 a multiple of 45?
False
Does 23 divide 35236?
True
Is 31 a factor of 17763?
True
Is 9 a factor of 576?
True
Is 16 a factor of 672?
True
Does 41 divide 475?
False
Does 24 divide 597?
False
Is 52 a multiple of 5?
False
Does 46 divide 8837?
False
Does 9 divide 2007?
True
Is 891 a multiple of 9?
True
Does 9 divide 79927?
False
Is 4 a factor of 452?
True
Does 32 divide 127?
False
Is 16 a factor of 2160?
True
Does 24 divide 600?
True
Is 41 a factor of 5898?
False
Does 201 divide 5226?
True
Is 3420 a multiple of 4?
True
Is 62 a factor of 28210?
True
Does 10 divide 191?
False
Does 56 divide 280?
True
Is 3 a factor of 117?
True
Does 3 divide 6305?
False
Does 54 divide 2376?
True
Does 2 divide 1759?
False
Does 9 divide 37260?
True
Is 348 a multiple of 48?
False
Is 205 a multiple of 5?
True
Does 18 divide 126?
True
Does 37 divide 4347?
False
Does 15 divide 6450?
True
Does 5 divide 27?
False
Is 8 a factor of 712?
True
Is 13 a factor of 2821?
True
Is 69 a factor of 43536?
False
Is 1794 a multiple of 69?
True
Is 562 even?
True
Is 132 a factor of 9525?
False
Is 37 a factor of 4921?
True
Is 7 a factor of 24014?
False
Does 18 divide 2244?
False
Is 13 a factor of 3744?
True
Is 27 a factor of 3903?
False
Is 810 a multiple of 27?
True
Does 87 divide 273?
False
Is 661 a multiple of 7?
False
Does 28 divide 48563?
False
Is 33 a factor of 466?
False
Does 127 divide 18542?
True
Is 6 a factor of 6768?
True
Is 25610 a multiple of 28?
False
Is 480 a multiple of 10?
True
Is 657 even?
False
Is 49 a factor of 1891?
False
Is 314 a multiple of 5?
False
Does 23 divide 7590?
True
Is 28 a factor of 3805?
False
Is 6044 a multiple of 7?
False
Is 14 a factor of 1691?
False
Is 1355 a multiple of 5?
True
Is 188 a multiple of 4?
True
Does 36 divide 8064?
True
Is 9 a factor of 4580?
False
Does 17 divide 39457?
True
Is 25 a factor of 2700?
True
Does 11 divide 33224?
False
Is 891 a multiple of 75?
False
Does 23 divide 1426?
True
Does 10 divide 1159?
False
Is 8 a factor of 17897?
False
Does 119 divide 6069?
True
Is 1444 a multiple of 76?
True
Is 1056 a multiple of 48?
True
Does 63 divide 8846?
False
Is 45 a factor of 1350?
True
Is 11 a factor of 1639?
True
Does 7 divide 219?
False
Does 20 divide 600?
True
Is 30 a factor of 840?
True
Is 67 a factor of 67?
True
Is 5644 a multiple of 17?
True
Does 67 divide 804?
True
Is 17 a factor of 38879?
True
Is 27 a factor of 3242?
False
Is 9 a factor of 12545?
False
Does 51 divide 20180?
False
Is 366 a multiple of 6?
True
Is 26929 a multiple of 31?
False
Is 15760 a multiple of 217?
False
Is 19 a factor of 4430?
False
Is 1427 a multiple of 32?
False
Is 24 a factor of 23208?
True
Is 6 a factor of 12060?
True
Is 4331 a multiple of 13?
False
Is 3 a factor of 725?
False
Does 13 divide 127257?
True
Is 34 a factor of 48058?
False
Is 11 a factor of 40161?
True
Does 37 divide 7511?
True
Is 2 a factor of 19177?
False
Is 33 a factor of 2222?
False
Does 98 divide 135?
False
Is 20 a factor of 2820?
True
Does 17 divide 2632?
False
Is 400 a multiple of 10?
True
Does 15 divide 17448?
False
Is 20 a factor of 131?
False
Does 102 divide 44370?
True
Is 3 a factor of 91?
False
Is 14 a factor of 5899?
False
Is 210 a multiple of 6?
True
Is 19448 a multiple of 269?
False
Does 3 divide 269?
False
Does 192 divide 57076?
False
Does 4 divide 106?
False
Is 1274 a multiple of 14?
True
Is 1760 a multiple of 55?
True
Is 19738 a multiple of 13?
False
Does 22 divide 28952?
True
Is 15 a factor of 1425?
True
Does 21 divide 28128?
False
Does 3 divide 348?
True
Is 31 a factor of 82685?
False
Does 94 divide 31874?
False
Is 1727 a multiple of 7?
False
Does 62 divide 719?
False
Is 25 a factor of 1269?
False
Does 384 divide 29692?
False
Is 1785 a multiple of 7?
True
Is 1224 a multiple of 4?
True
Is 1768 a multiple of 68?
True
Is 6710 a multiple of 22?
True
Does 37 divide 703?
True
Is 12 a factor of 2280?
True
Is 7 a factor of 368?
False
Is 124 a factor of 56455?
False
Does 27 divide 1593?
True
Is 113 a factor of 2373?
True
Is 954 a multiple of 6?
True
Is 8940 a multiple of 10?
True
Is 1354 a multiple of 14?
False
Is 5 a factor of 725?
True
Is 4806 a multiple of 54?
True
Does 3 divide 303?
True
Does 6 divide 1621?
False
Is 98802 a multiple of 11?
True
Is 8 a factor of 669?
False
Is 93 a multiple of 31?
True
Is 10 a factor of 10810?
True
Is 24477 a multiple of 19?
False
Is 184 a factor of 52256?
True
Does 75 divide 2925?
True
Does 12 divide 3972?
True
Does 47 divide 320?
False
Is 5 a factor of 222?
False
Does 5 divide 14980?
True
Is 697 a multiple of 15?
False
Is 12 a factor of 2004?
True
Does 151 divide 532?
False
Does 17 divide 1304?
False
Does 10 divide 233?
False
Does 94 divide 12260?
False
Is 53 a factor of 28251?
False
Is 2168 a multiple of 8?
True
Is 56 a factor of 3136?
True
Is 8 a factor of 776?
True
Is 7047 a multiple of 27?
True
Is 134 a multiple of 94?
False
Is 5 a factor of 75?
True
Is 15 a factor of 1725?
True
Does 8 divide 3111?
False
Is 20461 a multiple of 26?
False
Does 17 divide 391?
True
Does 51 divide 1479?
True
Is 62 a factor of 5642?
True
Is 1014 a multiple of 26?
True
Does 74 divide 883?
False
Is 7050 a multiple of 75?
True
Does 57 divide 565?
False
Does 31 divide 5735?
True
Is 39 a factor of 2155?
False
Does 62 divide 22565?
False
Is 20737 a multiple of 107?
False
Does 51 divide 22327?
False
Does 31 divide 60815?
False
Is 14 even?
True
Is 676 a multiple of 4?
True
Is 181 a multiple of 9?
False
Does 16 divide 80366?
False
Is 2886 a multiple of 9?
False
Is 18054 a multiple of 51?
True
Is 199 a multiple of 6?
False
Does 5 divide 15960?
True
Is 15 a factor of 2535?
True
Does 3 divide 7599?
True
Does 63 divide 18654?
False
Is 200 a multiple of 10?
True
Does 41 divide 1025?
True
Is 588 a multiple of 6?
True
Is 27500 a multiple of 122?
False
Does 10 divide 41866?
False
Does 8 divide 292?
False
Does 175 divide 9450?
True
Is 22 a factor of 12816?
False
Does 21 divide 609?
True
Is 118 a factor of 118?
True
Is 21705 a multiple of 15?
True
Is 281 a multiple of 14?
False
Is 4851 a multiple of 21?
True
Does 34 divide 13554?
False
Is 45 a factor of 1080?
True
Is 15 a factor of 92790?
True
Does 40 divide 2603?
False
Does 38 divide 28088?
False
Is 61 a factor of 1199?
False
Is 82 a factor of 23452?
True
Is 30 a factor of 5430?
True
Is 2700 a multiple of 60?
True
Is 3348 a multiple of 54?
True
Is 762 a multiple of 16?
False
Is 32916 a multiple of 156?
True
Is 540 a multiple of 5?
True
Does 14 divide 1639?
False
Is 1407 a multiple of 201?
True
Is 3655 a multiple of 30?
False
Does 59 divide 36810?
False
Does 2 divide 81?
False
Is 107166 a multiple of 159?
True
Is 460 a multiple of 20?
True
Does 47 divide 496?
False
Is 11 a factor of 8866?
True
Is 26787 a multiple of 109?
False
Does 11 divide 572?
True
Is 277 a multiple of 29?
False
Does 11 divide 264?
True
Does 12 divide 2976?
True
Is 24 a factor of 197?
False
Does 88 divide 400?
False
Does 6 divide 12174?
True
Is 14 a factor of 240?
False
Is 27 a factor of 308?
False
Is 32 a factor of 18912?
True
Does 89 divide 1145?
False
Does 18 divide 32778?
True
Is 203 a multiple of 7?
True
Is 3945 a multiple of 31?
False
Does 3 divide 39?
True
Is 110 a multiple of 17?
False
Does 142 divide 1420?
True
Does 26 divide 3025?
False
Does 4 divide 67?
False
Is 720 a multiple of 9?
True
Is 69 a factor of 1932?
True
Is 7 a factor of 25197?
False
Is 2130 a multiple of 142?
True
Is 696 a multiple of 8?
True
Is 139732 a multiple of 193?
True
Is 22 a factor of 474?
False
Is 6 a factor of 1002?
True
Does 274 divide 86584?
True
Is 6138 a multiple of 33?
True
Does 15 divide 3896?
False
Is 12 a factor of 81?
False
Does 18 divide 1836?
True
Is 7 a factor of 84?
True
Is 115 a factor of 1840?
True
Is 29187 a multiple of 207?
True
Does 21 divide 70?
False
Is 167 a multiple of 9?
False
Is 3421 a multiple of 42?
False
Does 8 divide 1476?
False
Does 33 divide 1815?
True
Is 19 a multiple of 4?
False
Is 4963 a multiple of 19?
False
Is 8358 a multiple of 78?
False
Is 67 a multiple of 54?
False
Is 67 a factor of 1200?
False
Is 33 a factor of 1023?
True
Is 146 a factor of 9928?
True
Is 3383 a multiple of 2?
False
Does 55 divide 1430?
True
Does 159 divide 40669?
False
Is 6 